hen 6404 is divided by 237.
5
What is the remainder when 33347 is divided by 450?
47
What is the remainder when 63343 is divided by 515?
513
Calculate the remainder when 6964 is divided by 710.
574
What is the remainder when 1399148 is divided by 13?
10
What is the remainder when 2567911 is divided by 164?
163
What is the remainder when 733179 is divided by 10183?
3
Calculate the remainder when 26960 is divided by 28.
24
Calculate the remainder when 736 is divided by 191.
163
What is the remainder when 3868 is divided by 36?
16
Calculate the remainder when 8538 is divided by 71.
18
What is the remainder when 33252 is divided by 200?
52
What is the remainder when 3340 is divided by 353?
163
Calculate the remainder when 29198 is divided by 207.
11
Calculate the remainder when 4324 is divided by 181.
161
What is the remainder when 143420 is divided by 54?
50
What is the remainder when 1093602 is divided by 15?
12
What is the remainder when 44328 is divided by 8863?
13
Calculate the remainder when 2127 is divided by 527.
19
What is the remainder when 5805 is divided by 1930?
15
What is the remainder when 52925 is divided by 514?
497
What is the remainder when 49434 is divided by 480?
474
Calculate the remainder when 128743 is divided by 235.
198
Calculate the remainder when 83801 is divided by 29.
20
Calculate the remainder when 220643 is divided by 181.
4
What is the remainder when 7449 is divided by 25?
24
Calculate the remainder when 15801 is divided by 923.
110
Calculate the remainder when 4841 is divided by 4349.
492
Calculate the remainder when 82148 is divided by 74.
8
What is the remainder when 1662 is divided by 1200?
462
What is the remainder when 18455 is divided by 73?
59
Calculate the remainder when 11396 is divided by 1034.
22
Calculate the remainder when 30961 is divided by 15472.
17
What is the remainder when 8884 is divided by 48?
4
Calculate the remainder when 106909 is divided by 40.
29
Calculate the remainder when 22957 is divided by 10959.
1039
What is the remainder when 78870 is divided by 100?
70
Calculate the remainder when 4380 is divided by 4340.
40
Calculate the remainder when 3681 is divided by 595.
111
Calculate the remainder when 47934 is divided by 9580.
34
Calculate the remainder when 5045 is divided by 180.
5
What is the remainder when 38984 is divided by 33?
11
What is the remainder when 3769 is divided by 42?
31
Calculate the remainder when 242196 is divided by 865.
861
What is the remainder when 9361 is divided by 2639?
1444
Calculate the remainder when 21685 is divided by 189.
139
What is the remainder when 4846 is divided by 10?
6
Calculate the remainder when 43838 is divided by 21885.
68
What is the remainder when 185268 is divided by 25?
18
What is the remainder when 186911 is divided by 33?
32
What is the remainder when 1497 is divided by 1062?
435
Calculate the remainder when 4808 is divided by 150.
8
What is the remainder when 849 is divided by 401?
47
What is the remainder when 33024 is divided by 5497?
42
Calculate the remainder when 101634 is divided by 170.
144
Calculate the remainder when 47593 is divided by 1035.
1018
What is the remainder when 10935 is divided by 782?
769
Calculate the remainder when 5972 is divided by 193.
182
What is the remainder when 23439 is divided by 22?
9
Calculate the remainder when 4166 is divided by 72.
62
Calculate the remainder when 123430 is divided by 508.
494
Calculate the remainder when 372 is divided by 283.
89
What is the remainder when 12359 is divided by 183?
98
What is the remainder when 19563 is divided by 35?
33
What is the remainder when 135993 is divided by 219?
213
Calculate the remainder when 2110 is divided by 521.
26
What is the remainder when 372184 is divided by 53?
18
What is the remainder when 1639029 is divided by 8?
5
Calculate the remainder when 11231 is divided by 221.
181
Calculate the remainder when 11144 is divided by 350.
294
Calculate the remainder when 5196 is divided by 2591.
14
Calculate the remainder when 16099 is divided by 264.
259
Calculate the remainder when 27247 is divided by 717.
1
What is the remainder when 27104 is divided by 1353?
44
Calculate the remainder when 49343 is divided by 16.
15
What is the remainder when 5845 is divided by 1620?
985
Calculate the remainder when 9145 is divided by 540.
505
What is the remainder when 749454 is divided by 124907?
12
Calculate the remainder when 463 is divided by 122.
97
Calculate the remainder when 9002 is divided by 1287.
1280
Calculate the remainder when 1946 is divided by 379.
51
What is the remainder when 23290 is divided by 43?
27
Calculate the remainder when 2365 is divided by 1864.
501
Calculate the remainder when 109374 is divided by 39.
18
Calculate the remainder when 1916 is divided by 234.
44
Calculate the remainder when 937 is divided by 104.
1
What is the remainder when 83777 is divided by 26?
5
What is the remainder when 17054 is divided by 744?
686
Calculate the remainder when 15411 is divided by 4912.
675
What is the remainder when 1468 is divided by 91?
12
Calculate the remainder when 11615 is divided by 56.
23
What is the remainder when 8727 is divided by 208?
199
What is the remainder when 18751 is divided by 21?
19
What is the remainder when 19312 is divided by 56?
48
Calculate the remainder when 228483 is divided by 2176.
3
What is the remainder when 1303650 is divided by 13?
10
What is the remainder when 585 is divided by 505?
80
What is the remainder when 238993 is divided by 119492?
9
Calculate the remainder when 7595 is divided by 36.
35
Calculate the remainder when 60025 is divided by 14996.
41
What is the remainder when 346591 is divided by 5590?
11
Calculate the remainder when 57508 is divided by 1278.
1276
Calculate the remainder when 950 is divided by 321.
308
What is the remainder when 11013 is divided by 200?
13
What is the remainder when 20372 is divided by 79?
69
Calculate the remainder when 1078 is divided by 76.
14
Calculate the remainder when 203673 is divided by 536.
529
Calculate the remainder when 4427 is divided by 479.
116
What is the remainder when 1548 is divided by 483?
99
Calculate the remainder when 764794 is divided by 326.
324
What is the remainder when 1100 is divided by 472?
156
What is the remainder when 1224 is divided by 870?
354
What is the remainder when 372714 is divided by 1106?
1098
What is the remainder when 282804 is divided by 63?
60
What is the remainder when 462 is divided by 375?
87
Calculate the remainder when 5951 is divided by 1077.
566
What is the remainder when 1304 is divided by 393?
125
What is the remainder when 314880 is divided by 16?
0
Calculate the remainder when 1111 is divided by 1018.
93
What is the remainder when 303571 is divided by 52?
47
What is the remainder when 111879 is divided by 58?
55
Calculate the remainder when 3080 is divided by 3006.
74
Calculate the remainder when 38210 is divided by 193.
189
What is the remainder when 1682 is divided by 66?
32
Calculate the remainder when 1744 is divided by 1637.
107
What is the remainder when 7625 is divided by 13?
7
What is the remainder when 894814 is divided by 239?
237
Calculate the remainder when 43697 is divided by 265.
237
What is the remainder when 262597 is divided by 352?
5
Calculate the remainder when 3255261 is divided by 793.
789
What is the remainder when 2397 is divided by 139?
34
What is the remainder when 10834284 is divided by 77?
76
What is the remainder when 35455 is divided by 119?
112
Calculate the remainder when 11000 is divided by 14.
10
Calculate the remainder when 20965 is divided by 228.
217
What is the remainder when 45259 is divided by 14?
11
What is the remainder when 1942 is divided by 58?
28
What is the remainder when 115091 is divided by 139?
138
Calculate the remainder when 1807483 is divided by 200831.
4
What is the remainder when 9653 is divided by 8?
5
What is the remainder when 228635 is divided by 116?
115
What is the remainder when 1466 is divided by 465?
71
What is the remainder when 158 is divided by 133?
25
What is the remainder when 4555601 is divided by 1455?
1451
What is the remainder when 347 is divided by 34?
7
Calculate the remainder when 70010 is divided by 366.
104
Calculate the remainder when 4266 i